{"id":35,"date":"2022-01-20T16:37:26","date_gmt":"2022-01-20T15:37:26","guid":{"rendered":"https:\/\/lodz-polesie.pttk.pl\/?page_id=35"},"modified":"2024-11-21T13:53:45","modified_gmt":"2024-11-21T12:53:45","slug":"kontakt","status":"publish","type":"page","link":"https:\/\/lodz-polesie.pttk.pl\/?page_id=35","title":{"rendered":"Kontakt"},"content":{"rendered":"\t\t<div data-elementor-type=\"wp-page\" data-elementor-id=\"35\" class=\"elementor elementor-35\">\n\t\t\t\t\t\t<section class=\"elementor-section elementor-top-section elementor-element elementor-element-728f42c5 elementor-section-boxed elementor-section-height-default elementor-section-height-default\" data-id=\"728f42c5\" data-element_type=\"section\" data-e-type=\"section\">\n\t\t\t\t\t\t<div class=\"elementor-container elementor-column-gap-default\">\n\t\t\t\t\t<div class=\"elementor-column elementor-col-100 elementor-top-column elementor-element elementor-element-661cc52d\" data-id=\"661cc52d\" data-element_type=\"column\" data-e-type=\"column\">\n\t\t\t<div class=\"elementor-widget-wrap elementor-element-populated\">\n\t\t\t\t\t\t<div class=\"elementor-element elementor-element-51434f25 elementor-widget elementor-widget-text-editor\" data-id=\"51434f25\" data-element_type=\"widget\" data-e-type=\"widget\" data-widget_type=\"text-editor.default\">\n\t\t\t\t<div class=\"elementor-widget-container\">\n\t\t\t\t\t\t\t\t\t<h2><strong>Oddzia\u0142 PTTK \u0141\u00f3d\u017a-Polesie<\/strong><\/h2>\n<p><strong><!-- \/wp:paragraph --><\/strong><\/p>\n<p><strong><!-- wp:paragraph --><\/strong><\/p>\n<p><strong>im. prof. Jana Dylika w \u0141odzi<\/strong><\/p>\n<p><strong><span style=\"color: var( --e-global-color-text ); font-family: var( --e-global-typography-text-font-family ), Sans-serif; font-size: 1em;\">ul.Aleksandra Kami\u0144skiego 18, przycisk domofonu nr4, \u00a0 lokal 10 , front parter.<br \/><\/span><\/strong><\/p>\n<p><strong><span style=\"color: var( --e-global-color-text ); font-family: var( --e-global-typography-text-font-family ), Sans-serif; font-size: 1em;\">\u00a0<\/span><\/strong><\/p>\n<p><strong><span style=\"color: var( --e-global-color-text ); font-family: var( --e-global-typography-text-font-family ), Sans-serif; font-size: 1em;\">\u00a0<\/span><\/strong><\/p>\n<p>\u00a0<\/p>\n<p><span style=\"text-decoration: underline;\"><strong>Adres pocztowy:<\/strong><\/span><\/p>\n<p><strong>Oddzia\u0142 PTTK \u0141\u00f3d\u017a-Polesie<\/strong><\/p>\n<p><strong>ul. J. Kili\u0144skiego 77 m7<\/strong><\/p>\n<p><strong>90-119 \u0141\u00f3d\u017a<\/strong><\/p>\n<p><!-- \/wp:paragraph --><\/p>\n<p><!-- wp:separator {\"align\":\"wide\"} --><\/p>\n<p><strong>Adres poczty elektronicznej:\u00a0 \u00a0 &lt;\u00a0 poczta@lodz-polesie.pttk.pl\u00a0 &gt;\u00a0\u00a0<\/strong><\/p>\n<p>Adres admin.\u00a0 &lt;\u00a0 staszekbu@wp.pl\u00a0 &gt;<\/p>\n<hr class=\"wp-block-separator alignwide\" \/>\n<p><!-- \/wp:separator --><\/p>\n<p><!-- wp:paragraph --><\/p>\n<p><strong>+48 725 211 008\u00a0<\/strong><\/p>\n<p><!-- \/wp:paragraph --><\/p>\n<p><!-- wp:paragraph --><\/p>\n<p>Biuro Oddzia\u0142u czynne jest podczas dy\u017curu w :<\/p>\n<p><!-- \/wp:paragraph --><\/p>\n<p><!-- wp:paragraph --><\/p>\n<p><!-- \/wp:paragraph --><\/p>\n<p><!-- wp:paragraph --><\/p>\n<p>\u015brody\u00a0\u00a0\u00a0\u00a0\u00a0\u00a0\u00a0\u00a0\u00a0\u00a0\u00a0\u00a0\u00a0\u00a0\u00a0<strong> 16:00 &#8211; 18:00<\/strong><\/p>\n<p><!-- \/wp:paragraph --><\/p>\n<p><!-- wp:paragraph --><\/p>\n<p><!-- \/wp:paragraph --><\/p>\n<p><!-- wp:paragraph --><\/p>\n<p>W w\/w terminach czynny jest telefon, pod kt\u00f3rym udzielane s\u0105 porady i informacje.<\/p>\n<p><!-- \/wp:paragraph --><\/p>\t\t\t\t\t\t\t\t<\/div>\n\t\t\t\t<\/div>\n\t\t\t\t\t<\/div>\n\t\t<\/div>\n\t\t\t\t\t<\/div>\n\t\t<\/section>\n\t\t\t\t<section class=\"elementor-section elementor-top-section elementor-element elementor-element-ddfbfc5 elementor-section-boxed elementor-section-height-default elementor-section-height-default\" data-id=\"ddfbfc5\" data-element_type=\"section\" data-e-type=\"section\">\n\t\t\t\t\t\t<div class=\"elementor-container elementor-column-gap-default\">\n\t\t\t\t\t<div class=\"elementor-column elementor-col-100 elementor-top-column elementor-element elementor-element-cf1980a\" data-id=\"cf1980a\" data-element_type=\"column\" data-e-type=\"column\">\n\t\t\t<div class=\"elementor-widget-wrap elementor-element-populated\">\n\t\t\t\t\t\t<div class=\"elementor-element elementor-element-86e2c36 elementor-align-center elementor-widget elementor-widget-button\" data-id=\"86e2c36\" data-element_type=\"widget\" data-e-type=\"widget\" data-widget_type=\"button.default\">\n\t\t\t\t<div class=\"elementor-widget-container\">\n\t\t\t\t\t\t\t\t\t<div class=\"elementor-button-wrapper\">\n\t\t\t\t\t<a class=\"elementor-button elementor-button-link elementor-size-sm\" href=\"https:\/\/lodz-polesie.pttk.pl\/\">\n\t\t\t\t\t\t<span class=\"elementor-button-content-wrapper\">\n\t\t\t\t\t\t\t\t\t<span class=\"elementor-button-text\">powr\u00f3t<\/span>\n\t\t\t\t\t<\/span>\n\t\t\t\t\t<\/a>\n\t\t\t\t<\/div>\n\t\t\t\t\t\t\t\t<\/div>\n\t\t\t\t<\/div>\n\t\t\t\t\t<\/div>\n\t\t<\/div>\n\t\t\t\t\t<\/div>\n\t\t<\/section>\n\t\t\t\t<\/div>\n\t\t","protected":false},"excerpt":{"rendered":"<p>Oddzia\u0142 PTTK \u0141\u00f3d\u017a-Polesie im. prof. Jana Dylika w \u0141odzi ul.Aleksandra Kami\u0144skiego 18, przycisk domofonu nr4, \u00a0 lokal 10 , front parter. \u00a0 \u00a0 \u00a0 Adres pocztowy: Oddzia\u0142 PTTK \u0141\u00f3d\u017a-Polesie ul. J. Kili\u0144skiego 77 m7 90-119 \u0141\u00f3d\u017a Adres poczty elektronicznej:\u00a0 \u00a0 <span class=\"excerpt-dots\">&hellip;<\/span> <a class=\"more-link\" href=\"https:\/\/lodz-polesie.pttk.pl\/?page_id=35\"><span class=\"more-msg\">Czytaj dalej &rarr;<\/span><\/a><\/p>\n","protected":false},"author":5,"featured_media":0,"parent":0,"menu_order":0,"comment_status":"closed","ping_status":"closed","template":"","meta":{"footnotes":""},"class_list":["post-35","page","type-page","status-publish","hentry"],"_links":{"self":[{"href":"https:\/\/lodz-polesie.pttk.pl\/index.php?rest_route=\/wp\/v2\/pages\/35","targetHints":{"allow":["GET"]}}],"collection":[{"href":"https:\/\/lodz-polesie.pttk.pl\/index.php?rest_route=\/wp\/v2\/pages"}],"about":[{"href":"https:\/\/lodz-polesie.pttk.pl\/index.php?rest_route=\/wp\/v2\/types\/page"}],"author":[{"embeddable":true,"href":"https:\/\/lodz-polesie.pttk.pl\/index.php?rest_route=\/wp\/v2\/users\/5"}],"replies":[{"embeddable":true,"href":"https:\/\/lodz-polesie.pttk.pl\/index.php?rest_route=%2Fwp%2Fv2%2Fcomments&post=35"}],"version-history":[{"count":52,"href":"https:\/\/lodz-polesie.pttk.pl\/index.php?rest_route=\/wp\/v2\/pages\/35\/revisions"}],"predecessor-version":[{"id":9193,"href":"https:\/\/lodz-polesie.pttk.pl\/index.php?rest_route=\/wp\/v2\/pages\/35\/revisions\/9193"}],"wp:attachment":[{"href":"https:\/\/lodz-polesie.pttk.pl\/index.php?rest_route=%2Fwp%2Fv2%2Fmedia&parent=35"}],"curies":[{"name":"wp","href":"https:\/\/api.w.org\/{rel}","templated":true}]}}